r of 907614?
True
Is 22207581 a multiple of 253?
True
Does 93 divide 809806666?
False
Is 67047372 a multiple of 2708?
True
Does 9 divide 293159142?
True
Does 101 divide 1041880549?
True
Does 1644 divide 114762708?
True
Is 1095518446 a multiple of 73?
True
Is 20850585 a multiple of 59?
False
Is 12 a factor of 1039667424?
True
Is 20809661 a multiple of 22?
False
Is 197685846 a multiple of 82?
True
Is 590832579 a multiple of 2643?
False
Does 134 divide 24824572?
True
Is 7258 a factor of 794895481?
False
Is 273240878 a multiple of 698?
False
Does 56 divide 57450960?
True
Is 72948600 a multiple of 2364?
False
Is 1364 a factor of 87987471?
False
Is 44 a factor of 1063817502?
False
Is 529849083 a multiple of 13074?
False
Does 738 divide 323982?
True
Is 730783683 a multiple of 329?
True
Is 3853397848 a multiple of 428?
True
Is 1192 a factor of 605080656?
True
Does 103 divide 154856174?
True
Is 6958576 a multiple of 12?
False
Is 10 a factor of 42411550?
True
Is 179 a factor of 18641955?
True
Does 17 divide 603441869?
False
Is 3562464 a multiple of 172?
True
Is 129900269 a multiple of 305?
False
Is 20 a factor of 17946340?
True
Does 42 divide 615627683?
False
Is 9 a factor of 1675185642?
True
Is 247393197 a multiple of 459?
True
Is 19 a factor of 187654177?
False
Is 103201725 a multiple of 3340?
False
Is 86836562 a multiple of 11?
False
Does 10 divide 29753828?
False
Is 52676121 a multiple of 15?
False
Is 59719770 a multiple of 5?
True
Does 1197 divide 1613784162?
False
Does 32 divide 473768840?
False
Does 688 divide 9122880?
True
Does 136 divide 18825212?
False
Is 4115 a factor of 664133167?
False
Is 1283 a factor of 35754644?
True
Does 1582 divide 88711377?
False
Is 184362860 a multiple of 2150?
False
Is 581533336 a multiple of 765?
False
Is 47 a factor of 2380503827?
False
Is 565442 a multiple of 96?
False
Is 84980165 a multiple of 354?
False
Is 162612912 a multiple of 264?
True
Is 761 a factor of 122159207?
False
Does 5 divide 684680?
True
Is 506655282 a multiple of 158?
True
Is 12 a factor of 284199806?
False
Is 88064036 a multiple of 45?
False
Is 835 a factor of 19179115?
True
Is 583 a factor of 20905214?
True
Does 39 divide 74585247?
False
Is 1055684430 a multiple of 30?
True
Is 13 a factor of 142180259?
True
Does 310 divide 13527780?
True
Is 422443498 a multiple of 8?
False
Is 23402548 a multiple of 421?
True
Is 1342015669 a multiple of 9?
False
Does 83 divide 16784924?
True
Is 97159216 a multiple of 88?
True
Is 80658828 a multiple of 1050?
False
Does 717 divide 148258232?
False
Does 140 divide 22346240?
True
Does 803 divide 1918001635?
True
Is 347237040 a multiple of 516?
True
Does 9 divide 26712270?
True
Is 24202689 a multiple of 54?
False
Is 94 a factor of 556722815?
False
Does 37 divide 100615987?
True
Does 5019 divide 155363145?
True
Is 23097180 a multiple of 60?
True
Does 104 divide 110967168?
True
Is 33501559 a multiple of 315?
False
Is 176993707 a multiple of 4?
False
Is 11 a factor of 38199041?
False
Is 375111048 a multiple of 1014?
True
Is 37155277 a multiple of 52?
False
Is 922061860 a multiple of 25?
False
Is 83 a factor of 864196?
True
Is 894286723 a multiple of 1350?
False
Is 203 a factor of 135382186?
False
Does 5339 divide 364055732?
True
Does 298 divide 15554484?
False
Is 88 a factor of 46542672?
True
Is 1323 a factor of 30153816?
True
Is 418791060 a multiple of 135?
True
Is 2797452 a multiple of 3918?
True
Is 2505 a factor of 467633400?
True
Does 23 divide 1385889909?
True
Is 9 a factor of 67274487?
True
Is 1131947392 a multiple of 1426?
True
Does 637 divide 7130693297?
True
Does 1268 divide 12278044?
True
Is 59 a factor of 109293016?
True
Is 1908 a factor of 98013960?
True
Is 208 a factor of 268495760?
True
Is 251 a factor of 37757930?
True
Is 866632213 a multiple of 96?
False
Does 1222 divide 13514098?
True
Is 3426351 a multiple of 5?
False
Does 18 divide 2634660?
True
Is 1192850257 a multiple of 285?
False
Is 6089 a factor of 3492378049?
False
Does 4 divide 250228?
True
Is 26 a factor of 112679949?
False
Is 3692616573 a multiple of 3296?
False
Is 3 a factor of 418493139?
True
Does 301 divide 15838319?
True
Is 145 a factor of 65397320?
True
Does 200 divide 16897588?
False
Is 692 a factor of 7475676?
True
Is 136 a factor of 8179448?
True
Is 1423680040 a multiple of 6884?
True
Does 2725 divide 54306525?
True
Does 361 divide 13368192?
False
Does 62 divide 43588790?
True
Is 272183840 a multiple of 3404?
True
Does 5081 divide 17996310?
False
Does 714 divide 64113686?
False
Is 167725723 a multiple of 1139?
True
Is 579 a factor of 18705753?
True
Does 15 divide 2745893?
False
Is 27398814 a multiple of 263?
True
Is 3 a factor of 47175814?
False
Does 34 divide 795909264?
True
Is 874799611 a multiple of 523?
True
Does 736 divide 54183428?
False
Does 7 divide 20286497?
True
Does 10 divide 827108369?
False
Is 683 a factor of 25639137?
True
Is 24 a factor of 60498374?
False
Is 319505472 a multiple of 6?
True
Does 165 divide 12238994?
False
Does 217 divide 1273706455?
True
Does 6 divide 4013281?
False
Is 780 a factor of 448660233?
False
Does 10 divide 161397100?
True
Is 3507176965 a multiple of 34?
False
Is 5 a factor of 16214730?
True
Is 1957392 a multiple of 48?
True
Is 31945563 a multiple of 263?
False
Is 1273 a factor of 551557908?
False
Is 23 a factor of 508686966?
False
Does 301 divide 730658637?
False
Is 167053402 a multiple of 693?
False
Is 1940 a factor of 1442487000?
True
Is 2085 a factor of 811650885?
True
Is 824163 a multiple of 19?
True
Is 50 a factor of 770282205?
False
Is 2894224 a multiple of 4?
True
Is 112 a factor of 1755673206?
False
Does 415 divide 214786155?
True
Is 26218361 a multiple of 4?
False
Is 102572527 a multiple of 3436?
False
Is 57 a factor of 254476350?
False
Is 76 a factor of 17450064?
False
Does 602 divide 15648388?
True
Is 3036 a factor of 21795444?
True
Does 59 divide 125766582?
False
Is 732 a factor of 728327332?
False
Does 239 divide 361704497?
False
Does 75 divide 641541791?
False
Is 39 a factor of 117049959?
True
Does 269 divide 1369543829?
True
Is 27938042 a multiple of 570?
False
Does 12 divide 4515037646?
False
Is 22324400 a multiple of 112?
True
Is 173 a factor of 81631780?
True
Is 75188888 a multiple of 2555?
False
Is 7845712 a multiple of 6?
False
Is 217587335 a multiple of 35?
True
Is 5 a factor of 6986420?
True
Is 4480485 a multiple of 5?
True
Does 125 divide 1588034412?
False
Does 7 divide 244753334?
True
Is 23131553 a multiple of 1409?
True
Does 55 divide 27068819?
False
Is 267705752 a multiple of 101?
True
Is 5 a factor of 17222516?
False
Is 88180098 a multiple of 383?
False
Is 3260 a factor of 110880954?
False
Is 2830312908 a multiple of 18?
True
Does 406 divide 9587690?
True
Is 118 a factor of 223092452?
True
Is 13 a factor of 52119824?
False
Is 271377132 a multiple of 1079?
True
Is 91 a factor of 83061969?
False
Does 302 divide 17068436?
True
Does 359 divide 17588846?
True
Does 7 divide 595797209?
True
Does 51 divide 45977214?
True
Is 9 a factor of 526202417?
False
Does 2154 divide 36906269?
False
Is 1358597 a multiple of 491?
True
Is 49637935 a multiple of 2791?
True
Is 9 a factor of 203388019?
False
Is 6736935 a multiple of 156?
False
Does 421 divide 648814888?
True
Is 456 a factor of 3038328?
True
Is 933 a factor of 112171791?
True
Is 352712500 a multiple of 28?
True
Is 52469239 a multiple of 318?
False
Is 63 a factor of 10976742?
True
Is 6452187 a multiple of 10?
False
Does 10 divide 212092120?
True
Is 571 a factor of 13227215?
True
Is 964 a factor of 314338690?
False
Is 67 a factor of 134476196?
False
Is 53 a factor of 2746136934?
False
Does 37 divide 494682974?
False
Is 3 a factor of 3517654?
False
Is 249 a factor of 1815803616?
True
Is 13310368 a multiple of 3?
False
Is 111 a factor of 2146863703?
False
Does 87 divide 602301000?
True
Does 95 divide 20530545?
True
Is 2077 a factor of 108727253?
False
Is 6191253 a multiple of 1166?
False
Is 52974944 a multiple of 176?
True
Is 295642098 a multiple of 14?
False
Does 302 divide 352486156?
False
Does 28 divide 938727742?
False
Is 1036 a factor of 222827024?
True
Does 441 divide 16034236?
False
Does 1372 divide 621821956?
True
Is 975 a factor of 335523770?
False
Is 9209816 a multiple of 11?
True
Is 54727149 a multiple of 3608?
False